0 - 1)?
71
Let j(w) = -18*w + 18. Let s be j(-6). Suppose -5*d = x - 35, -3*d + 4 = -2*x + s. What are the prime factors of x?
5, 11
Let r = -328 + 1068. What are the prime factors of r?
2, 5, 37
Suppose -3*f + 85 = -5*r, 2*f - 60 = 6*r - r. Suppose -k + 83 = f. What are the prime factors of k?
2, 29
Suppose 12 = 9*j - 15*j. What are the prime factors of -2 - (-217 - (-10)/j)?
2, 5, 11
Suppose 65 = -17*g + 22*g. Let x = -5 + g. What are the prime factors of 124/16 + 2/x?
2
Suppose -2*f - 332 = -4*f. What are the prime factors of f?
2, 83
Suppose 4*m + 3*f - 4991 = 0, -m + 5*f + 1047 + 172 = 0. What are the prime factors of (-10)/(-15) + m/6?
2, 13
Let l(i) = i**3 + 4*i**2 - 6*i + 2. Suppose 2 = 5*y + 27. Let w be l(y). What are the prime factors of w/2*70/7?
5, 7
List the prime factors of (((-2552)/(-64))/(-29))/((-1)/8).
11
Let r = -31 - -150. Suppose 0 = -2*n - 0*n + c + r, -2*c - 297 = -5*n. List the prime factors of n.
59
Suppose -4*b - 10 - 162 = -2*v, -268 = -3*v - 4*b. Let y = v + 130. What are the prime factors of y?
2, 109
Let b(s) = -s**3 + 13*s**2 - 12*s - 6. Let q be b(12). Let t = 6 + q. Suppose -3*l = -2*l - 3*a - 27, t = -2*l + 3*a + 51. List the prime factors of l.
2, 3
Let y = 1569 + -756. List the prime factors of y.
3, 271
Let r(y) = y**3 - 4*y**2 - 6*y - 2. Let u be r(5). List the prime factors of (6/3)/(u/(-406)).
2, 29
Let m(h) = -h**3 - h**2 + 2*h + 3. Let l = -8 + 5. Let q be m(l). What are the prime factors of 114/q - (-4)/10?
2
Let v(l) = -2*l + 2*l**3 + l - 3*l**3 + 2*l**3 + l**2. Let g be v(0). Suppose g = z - 7*z + 210. What are the prime factors of z?
5, 7
Let r(j) = 2*j**2 + 2*j - 7. Suppose -5*x + 23 = 3. Let b be r(x). What are the prime factors of (-34)/(-3) - (-22)/b?
2, 3
Suppose 2*x + 110 = 2*i, 0 = -2*i - 0*i + 4. Let h = x - -92. What are the prime factors of h?
3, 13
Suppose g = 3*v + 136, 0 = -3*g + 7*g + 5*v - 612. Suppose 7*j = 5*j + g. Let h = 123 - j. What are the prime factors of h?
7
Let y(x) be the first derivative of 11*x - 1/2*x**2 + 2. What are the prime factors of y(0)?
11
Let j(c) = -63*c**2 - 3*c - 6. Let d be j(-3). List the prime factors of d/(-10) - (-22)/(-55).
2, 7
Suppose 3*m + 4*d - 1266 = 0, 4*m - d = 2*d + 1713. What are the prime factors of m?
2, 3, 71
Let j be -2*33/12 + (-3)/2. Let i(q) = 4*q**2 + 8*q - 16. List the prime factors of i(j).
2, 31
Let q(x) = -x + 47. Let m be q(13). Suppose 4*s - 109 = -3*r, -2*s + 5*r = 3*s - 145. Let y = s + m. List the prime factors of y.
2, 31
Let b be ((-7)/(35/(-60)))/(-1). Let v = b + 23. List the prime factors of v.
11
Let q(c) = -c**3 + 5*c**2 - 3*c + 9. Suppose 2*d - 4*w = w - 52, d = -w - 12. Let g = d + 20. What are the prime factors of q(g)?
13
Let r(z) = 89*z. Let s be r(-1). Let x = s - -213. What are the prime factors of x?
2, 31
Suppose -35*r + 890 = -755. What are the prime factors of r?
47
Let c(d) = d**3 + 6*d**2 + 3*d - 4. Let b be c(-4). Suppose 0*y + 5*y = 2*i - 13, -b = -5*i - 4*y. Suppose 0 = -i*k + 8 + 12. List the prime factors of k.
5
Suppose -3*a - 3*m + 214 = -122, 2*a - 3*m = 244. Suppose 7*q - a = 5*q. List the prime factors of q.
2, 29
Let v(s) = 4*s - 23. Let l(d) = 1. Let x(o) = -4*l(o) - v(o). What are the prime factors of x(-11)?
3, 7
Suppose -3*l + 988 = 3*b - 56, 4*b = -5*l + 1735. Suppose 677 = 2*z - 5*n, 5*n + l = z + n. List the prime factors of z.
331
Let u = -226 + 429. What are the prime factors of u?
7, 29
Suppose -x = -4*j - 20, x - j = 4 + 1. Suppose -4*k + 202 + 38 = x. List the prime factors of k.
2, 3, 5
Let n(v) be the first derivative of -v**4/4 - 20*v**3/3 - 39*v**2/2 - 24*v - 47. What are the prime factors of n(-18)?
2, 3, 5
Let d(p) = 1 - 8*p - p**2 + 8 + 3. Let h be d(-10). Let c(q) = -q**3 - 6*q**2 + 10*q - 4. What are the prime factors of c(h)?
2, 11
Suppose 10903 = 7*y - 6002. List the prime factors of y.
3, 5, 7, 23
Let z(v) = -v**2 + 14*v + 15. Let u = 34 - 19. Let b be z(u). Suppose b = -3*k + 30 + 15. What are the prime factors of k?
3, 5
Let b = 38 + -20. Suppose 4*h - 254 = -b. List the prime factors of h.
59
Let w be (-16)/72 + 38/9. Suppose f = 5*s - 194, -w*s + f + 203 = 48. Suppose -4*z + 3*z + 34 = 3*t, -z + 2*t + s = 0. What are the prime factors of z?
37
Let b = 149 + 84. Suppose 98 = 3*a + b. List the prime factors of (-2052)/a - (-3)/(-5).
3, 5
Let v(y) be the third derivative of y**6/360 + 13*y**4/24 + 4*y**3/3 - 8*y**2. Let d(g) be the first derivative of v(g). What are the prime factors of d(0)?
13
Let s = -8 + 2. Let c be (-1 + 2)*6/s. List the prime factors of c/(-2)*46*1.
23
Let f(h) = -3*h**2 + 4*h - 6. Suppose 4 = y + 5, y = 2*v - 5. Let r(x) = x**3 + 6*x**2 - 8*x + 13. Let g(z) = v*r(z) + 5*f(z). List the prime factors of g(3).
5, 7
List the prime factors of ((-1)/3)/((-31)/158379).
13, 131
Let u be (48/(-28))/((-4)/14). Let q(n) = n**2 + 3*n - 4. What are the prime factors of q(u)?
2, 5
Let z = 17 - 13. Suppose -b = 2*b + z*h - 71, -4*b + 124 = -2*h. What are the prime factors of b?
29
Suppose -4*q + 5*i = q + 450, 0 = 2*q + 5*i + 145. Let k = q + 151. List the prime factors of k.
2, 3, 11
Let f(o) = -o**3 + 10*o**2 + o - 5. Suppose 0 = -32*k + 33*k - 10. List the prime factors of f(k).
5
Let o(x) = -2*x**3 - 13*x**2 - 8*x - 18. Let p be o(-6). Let g(n) = -n**3 - 4*n**2 - 7*n - 12. List the prime factors of g(p).
2, 3, 17
Let q = 79 + -77. Suppose 0 = 15*h + q*h - 1173. List the prime factors of h.
3, 23
What are the prime factors of (-21 + 18)*(-2)/(-3) - -66?
2
Let t be 10 + (-12)/4 - 4. Suppose 0 = r - t*r. Suppose w + 5*v + 7 = r, 2*v = -4*w - 3*v + 32. What are the prime factors of w?
13
Suppose 12907 - 1214 = 11*f. What are the prime factors of f?
1063
Let q(f) = -18*f**2 + 7*f + 11. Let z be q(-4). Let g = z + 440. List the prime factors of g.
3, 5
Suppose 0 = -n + 2*n - 3. What are the prime factors of 1/n - 2675/(-75)?
2, 3
Let y = 6259 + -4457. What are the prime factors of y?
2, 17, 53
Suppose 0 = 12*u - 16*u - 120. Let b = 38 + u. List the prime factors of b.
2
Let o be 3/(-9) - 84/(-9). Suppose g - 61 = -o. What are the prime factors of g?
2, 13
Let u(m) = -7*m**2 + m + 7. Let s be u(3). Let k = s + 81. Let v = -21 + k. What are the prime factors of v?
7
List the prime factors of ((-8826)/(-15))/((-22)/(-55)).
1471
Suppose 0*r = 4*r - 28. Suppose -1267 = -0*n - r*n. What are the prime factors of n?
181
Let w = -250 + -34. Let d = 425 + w. What are the prime factors of d?
3, 47
Suppose 0 = 7*g - 1288 - 1477. List the prime factors of g.
5, 79
Let u be 1275/20 - 3/(-12). Suppose 7*v = 2*v - 20, -3*v = -4*k + u. What are the prime factors of k?
13
Let b(y) = 56*y**3 + 2*y**2 - 8*y + 7. What are the prime factors of b(3)?
17, 89
Suppose 3*j - 120 = -3*m, -141 = -3*m + 3*j - 9. What are the prime factors of 2/(m/1077) - 2/7?
3, 17
Suppose 17*t - 10153 = 6*t. What are the prime factors of t?
13, 71
Suppose -583 = -6*o + 1733. List the prime factors of o.
2, 193
Let n(s) = 220*s**2 - 19*s - 53. List the prime factors of n(-3).
2, 31
Let o(h) = -h - 1. Let s(r) = 7*r + 21. Let m(c) = 6*o(c) + s(c). Let n be m(-9). What are the prime factors of (1*-8)/(n/(-15))?
2, 5
Let o(b) = b + 1. Let c(q) = 69*q + 84. Let v(h) = -c(h) - o(h). Let y(j) = -5*j - 6. Let a(w) = -6*v(w) + 85*y(w). What are the prime factors of a(-3)?
3, 5
Suppose 18*g = 6*g + 3144. What are the prime factors of g?
2, 131
Suppose -641 = -5*q + 3*h, -3*q = -6*q - 4*h + 373. Suppose 3*s - 17 = q. List the prime factors of s.
2, 3
Suppose -4*p - 16 = -2*m, 5*p + 28 = 4*m + 8. Let q = -3 + 7. List the prime factors of ((-12)/q - p) + 8.
3
List the prime factors of 1 + (-228)/18*-9.
5, 23
Suppose 5*w = -2*l + 22, -2*l = -0*w - 2*w + 6. List the prime factors of -9*((-16)/12 + l).
3
List the prime factors of ((-4)/8 + 1)*6 + 748.
751
Suppose w - 10*w = -8*w. Suppose x = -3*o + 165, x = -o - w*o + 163. What are the prime factors of x?
2, 3
Let y = 270 + 473. What are the prime factors of y?
743
Let z(x) = -5 + 3 + 22*x - 3 + 1. List the prime factors of z(4).
2, 3, 7
Let a = 2564 + -1465. What are the prime factors of a?
7, 157
Let k(c) = c**2 + 11*c - 3. Let a be k(-9). Let l be ((-14)/a)/((-2)/(-9)). List the prime factors of ((-87)/(-9) - 4)*l.
17
List the prime factors of ((-15942)/(-21))/2 + 